{"id":1141,"date":"2022-09-10T08:31:59","date_gmt":"2022-09-10T08:31:59","guid":{"rendered":"https:\/\/www.frauenhaus-neumuenster.de\/inhalt\/?page_id=1141"},"modified":"2022-10-23T16:24:43","modified_gmt":"2022-10-23T16:24:43","slug":"notfall-liste","status":"publish","type":"page","link":"https:\/\/www.frauenhaus-neumuenster.de\/inhalt\/?page_id=1141","title":{"rendered":"Notfall-Liste"},"content":{"rendered":"\n<p>Unter der <strong>Telefonnummer 04321-46733<\/strong> k\u00f6nnen Sie das Frauenhaus Neum\u00fcnster Tag und Nacht erreichen. Dort erfahren Sie, ob noch ein Platz frei ist. Wenn ja, bekommen Sie von den Mitarbeiterinnen alle weiteren Informationen.<\/p>\n\n\n\n<p>Wenn es m\u00f6glich ist bringen Sie bitte folgende Sachen\/Unterlagen mit:<\/p>\n\n\n\n<ul class=\"wp-block-list\"><li>Kleidung<\/li><li>Hygieneartikel<\/li><li>Ausweis\/Kinderausweis\/Pass<\/li><li>Geburtsurkunde<\/li><li>Heiratsurkunde<\/li><li>Kontoausz\u00fcge<\/li><li>Kontokarte<\/li><li>Steueridentifikationsnummer<\/li><li>Bargeld (falls vorhanden)<\/li><li>Krankenkassenkarte<\/li><li>wichtige Medikamente<\/li><li>Mietvertrag<\/li><li>Wohnungsschl\u00fcssel<\/li><li>Kindergeldnummer<\/li><li>gelbes Untersuchungsheft<\/li><li>Mutterpass<\/li><li>Impfausweis<\/li><li>Schulsachen\/Zeugnisse<\/li><li>Sorgerechtsbeschluss\/Vaterschaftsanerkennung<\/li><li>Lieblingsspielzeug<br><\/li><\/ul>\n\n\n\n<p>Weil es sp\u00e4ter schwierig f\u00fcr Sie sein k\u00f6nnte an fehlende Unterlagen heranzukommen, nehmen Sie bitte so viel wie m\u00f6glich mit.<\/p>\n\n\n\n<p class=\"has-text-align-center\"><strong>Im Notfall bringen Sie immer erst sich und Ihre Kinder in Sicherheit!<\/strong><\/p>\n\n\n\n<h2 class=\"wp-block-heading\"><a href=\"https:\/\/www.frauenhaus-neumuenster.de\/inhalt\/?page_id=156\">Hier klicken f\u00fcr Informationen in anderen Sprachen<\/a><\/h2>\n\n\n\n<h2 class=\"wp-block-heading\"><a href=\"https:\/\/www.frauenhaus-neumuenster.de\/inhalt\/?page_id=156\">Press here for information in other languages.<\/a><\/h2>\n","protected":false},"excerpt":{"rendered":"<p>Unter der Telefonnummer 04321-46733 k\u00f6nnen Sie das Frauenhaus Neum\u00fcnster Tag und Nacht erreichen. Dort erfahren Sie, ob noch ein Platz frei ist. Wenn ja, bekommen Sie von den Mitarbeiterinnen alle weiteren Informationen. Wenn es m\u00f6glich ist bringen Sie bitte folgende Sachen\/Unterlagen mit: Kleidung Hygieneartikel Ausweis\/Kinderausweis\/Pass Geburtsurkunde Heiratsurkunde Kontoausz\u00fcge Kontokarte Steueridentifikationsnummer Bargeld (falls vorhanden) Krankenkassenkarte wichtige [&hellip;]<\/p>\n","protected":false},"author":2,"featured_media":0,"parent":0,"menu_order":25,"comment_status":"closed","ping_status":"closed","template":"","meta":{"footnotes":""},"class_list":["post-1141","page","type-page","status-publish","hentry"],"_links":{"self":[{"href":"https:\/\/www.frauenhaus-neumuenster.de\/inhalt\/index.php?rest_route=\/wp\/v2\/pages\/1141","targetHints":{"allow":["GET"]}}],"collection":[{"href":"https:\/\/www.frauenhaus-neumuenster.de\/inhalt\/index.php?rest_route=\/wp\/v2\/pages"}],"about":[{"href":"https:\/\/www.frauenhaus-neumuenster.de\/inhalt\/index.php?rest_route=\/wp\/v2\/types\/page"}],"author":[{"embeddable":true,"href":"https:\/\/www.frauenhaus-neumuenster.de\/inhalt\/index.php?rest_route=\/wp\/v2\/users\/2"}],"replies":[{"embeddable":true,"href":"https:\/\/www.frauenhaus-neumuenster.de\/inhalt\/index.php?rest_route=%2Fwp%2Fv2%2Fcomments&post=1141"}],"version-history":[{"count":18,"href":"https:\/\/www.frauenhaus-neumuenster.de\/inhalt\/index.php?rest_route=\/wp\/v2\/pages\/1141\/revisions"}],"predecessor-version":[{"id":1246,"href":"https:\/\/www.frauenhaus-neumuenster.de\/inhalt\/index.php?rest_route=\/wp\/v2\/pages\/1141\/revisions\/1246"}],"wp:attachment":[{"href":"https:\/\/www.frauenhaus-neumuenster.de\/inhalt\/index.php?rest_route=%2Fwp%2Fv2%2Fmedia&parent=1141"}],"curies":[{"name":"wp","href":"https:\/\/api.w.org\/{rel}","templated":true}]}}