{"id":13,"date":"2011-04-22T08:14:14","date_gmt":"2011-04-22T08:14:14","guid":{"rendered":"http:\/\/www.frauenhaus-neumuenster.de\/wp\/?page_id=13"},"modified":"2022-09-10T09:26:52","modified_gmt":"2022-09-10T09:26:52","slug":"zusammenleben-im-frauenhaus","status":"publish","type":"page","link":"https:\/\/www.frauenhaus-neumuenster.de\/inhalt\/?page_id=13","title":{"rendered":"Zusammenleben im Frauenhaus"},"content":{"rendered":"<p><a title=\"Notfallliste\" href=\"https:\/\/www.frauenhaus-neumuenster.de\/inhalt\/?page_id=1141\" rel=\"noopener\"><img loading=\"lazy\" decoding=\"async\" class=\"size-full wp-image-534 alignright\" src=\"http:\/\/www.frauenhaus-neumuenster.de\/inhalt\/wp-content\/uploads\/notfall-liste-button.png\" alt=\"Notfall-Liste\" width=\"150\" height=\"60\" \/><\/a><\/p>\n<p>Im Frauenhaus leben Frauen unterschiedlicher Kulturen, Alters, Sexualit\u00e4t, mit und ohne Behinderung.<\/p>\n<p>Das Frauenhaus hat Platz f\u00fcr 20 Frauen und Kinder. Die Wohnr\u00e4ume werden gemeinsam genutzt, es gibt aber auch die M\u00f6glichkeit, sich zur\u00fcck zu ziehen und sich in einem angstfreien Raum zu erholen und die Zukunft zu planen.<br \/>\nDie Bewohnerinnen kochen und wirtschaften gemeinsam.<br \/>\nAlle Frauen leben selbst bestimmt und k\u00f6nnen nat\u00fcrlich, nach Absch\u00e4tzung der Gef\u00e4hrdung, weiter ihrer Arbeit nachgehen, zur Schule\/Ma\u00dfnahme oder zum Deutschkurs gehen, Eink\u00e4ufe erledigen und Arztbesuche machen und Freunde\/Verwandte besuchen. Die Kinder k\u00f6nnen zur Schule und in den Kindergarten gehen.<br \/>\nNach Bedarf unterst\u00fctzen wir die Bewohnerinnen bei Antragsstellungen, \u00c4mterg\u00e4ngen, Orientierung vor Ort etc.<br \/>\nJede Frau entscheidet selbst wie lange sie im Frauenhaus bleibt.<\/p>\n<p>Unser Anliegen ist, gemeinsam mit den Bewohnerinnen in einem gleichberechtigten und gewaltfreien Raum ohne Diskriminierung miteinander zu leben.<\/p>\n","protected":false},"excerpt":{"rendered":"<p>Im Frauenhaus leben Frauen unterschiedlicher Kulturen, Alters, Sexualit\u00e4t, mit und ohne Behinderung. Das Frauenhaus hat Platz f\u00fcr 20 Frauen und Kinder. Die Wohnr\u00e4ume werden gemeinsam genutzt, es gibt aber auch die M\u00f6glichkeit, sich zur\u00fcck zu ziehen und sich in einem angstfreien Raum zu erholen und die Zukunft zu planen. Die Bewohnerinnen kochen und wirtschaften gemeinsam. [&hellip;]<\/p>\n","protected":false},"author":2,"featured_media":0,"parent":0,"menu_order":40,"comment_status":"open","ping_status":"closed","template":"","meta":{"footnotes":""},"class_list":["post-13","page","type-page","status-publish","hentry"],"_links":{"self":[{"href":"https:\/\/www.frauenhaus-neumuenster.de\/inhalt\/index.php?rest_route=\/wp\/v2\/pages\/13","targetHints":{"allow":["GET"]}}],"collection":[{"href":"https:\/\/www.frauenhaus-neumuenster.de\/inhalt\/index.php?rest_route=\/wp\/v2\/pages"}],"about":[{"href":"https:\/\/www.frauenhaus-neumuenster.de\/inhalt\/index.php?rest_route=\/wp\/v2\/types\/page"}],"author":[{"embeddable":true,"href":"https:\/\/www.frauenhaus-neumuenster.de\/inhalt\/index.php?rest_route=\/wp\/v2\/users\/2"}],"replies":[{"embeddable":true,"href":"https:\/\/www.frauenhaus-neumuenster.de\/inhalt\/index.php?rest_route=%2Fwp%2Fv2%2Fcomments&post=13"}],"version-history":[{"count":11,"href":"https:\/\/www.frauenhaus-neumuenster.de\/inhalt\/index.php?rest_route=\/wp\/v2\/pages\/13\/revisions"}],"predecessor-version":[{"id":1150,"href":"https:\/\/www.frauenhaus-neumuenster.de\/inhalt\/index.php?rest_route=\/wp\/v2\/pages\/13\/revisions\/1150"}],"wp:attachment":[{"href":"https:\/\/www.frauenhaus-neumuenster.de\/inhalt\/index.php?rest_route=%2Fwp%2Fv2%2Fmedia&parent=13"}],"curies":[{"name":"wp","href":"https:\/\/api.w.org\/{rel}","templated":true}]}}