{"id":156,"date":"2012-02-05T19:37:26","date_gmt":"2012-02-05T19:37:26","guid":{"rendered":"http:\/\/www.frauenhaus-neumuenster.de\/inhalt\/?page_id=156"},"modified":"2023-10-18T08:15:32","modified_gmt":"2023-10-18T08:15:32","slug":"international","status":"publish","type":"page","link":"https:\/\/www.frauenhaus-neumuenster.de\/inhalt\/?page_id=156","title":{"rendered":"International"},"content":{"rendered":"<ul class=\"children\">\n<li class=\"page_item page-item-1308 current_page_item\"><a href=\"https:\/\/www.frauenhaus-neumuenster.de\/inhalt\/?page_id=1308\" aria-current=\"page\">Geb\u00e4rdensprache deutsch<\/a><\/li>\n<li class=\"page_item page-item-1210\"><a href=\"https:\/\/www.frauenhaus-neumuenster.de\/inhalt\/?page_id=1210\">Shqip (Albanisch)<\/a><\/li>\n<li class=\"page_item page-item-158\"><a href=\"https:\/\/www.frauenhaus-neumuenster.de\/inhalt\/?page_id=158\">\u0627\u0644\u0639\u0631\u0628\u064a\u0629 (Arabisch)<\/a><\/li>\n<li class=\"page_item page-item-1213\"><a href=\"https:\/\/www.frauenhaus-neumuenster.de\/inhalt\/?page_id=1213\">\u0570\u0561\u0575\u0565\u0580\u0565\u0576 (Armenisch)<\/a><\/li>\n<li class=\"page_item page-item-1208\"><a href=\"https:\/\/www.frauenhaus-neumuenster.de\/inhalt\/?page_id=1208\">\u0431\u044a\u043b\u0433\u0430\u0440\u0441\u043a\u0438 (Bulgarisch)<\/a><\/li>\n<li class=\"page_item page-item-1225\"><a href=\"https:\/\/www.frauenhaus-neumuenster.de\/inhalt\/?page_id=1225\">\u0642\u0648\u0627\u0646\u06cc\u0646 \u062e\u0627\u0646\u0647 )\u0628\u0647 \u0632\u0628\u0627\u0646 \u062f\u0631\u06cc DARI)<\/a><\/li>\n<li class=\"page_item page-item-222\"><a href=\"https:\/\/www.frauenhaus-neumuenster.de\/inhalt\/?page_id=222\">English<\/a><\/li>\n<li class=\"page_item page-item-1227\"><a href=\"https:\/\/www.frauenhaus-neumuenster.de\/inhalt\/?page_id=1227\">\u0642\u0648\u0627\u0646\u06cc\u0646 \u062e\u0627\u0646\u0647 )\u0628\u0647 \u0632\u0628\u0627\u0646 \u062f\u0631\u06cc FARSI)<\/a><\/li>\n<li class=\"page_item page-item-287\"><a href=\"https:\/\/www.frauenhaus-neumuenster.de\/inhalt\/?page_id=287\">Fran\u00e7ais<\/a><\/li>\n<li class=\"page_item page-item-257\"><a href=\"https:\/\/www.frauenhaus-neumuenster.de\/inhalt\/?page_id=257\">Italiano<\/a><\/li>\n<li class=\"page_item page-item-172\"><a href=\"https:\/\/www.frauenhaus-neumuenster.de\/inhalt\/?page_id=172\">Kurmanci<\/a><\/li>\n<li class=\"page_item page-item-346\"><a href=\"https:\/\/www.frauenhaus-neumuenster.de\/inhalt\/?page_id=346\">Polski<\/a><\/li>\n<li class=\"page_item page-item-248\"><a href=\"https:\/\/www.frauenhaus-neumuenster.de\/inhalt\/?page_id=248\">\u0440\u0443\u0441\u0441\u043a\u0438\u0439 (Russisch)<\/a><\/li>\n<li class=\"page_item page-item-1234\"><a href=\"https:\/\/www.frauenhaus-neumuenster.de\/inhalt\/?page_id=1234\">\u06a9\u0648\u0631\u062f\u06cc (Sorani)<\/a><\/li>\n<li class=\"page_item page-item-210\"><a href=\"https:\/\/www.frauenhaus-neumuenster.de\/inhalt\/?page_id=210\">Espa\u00f1ol<\/a><\/li>\n<li class=\"page_item page-item-1237\"><a href=\"https:\/\/www.frauenhaus-neumuenster.de\/inhalt\/?page_id=1237\">\u1275\u130d\u122d\u129b (Tigrinya \u2013 t\u01ddgr\u01dd\u00f1\u00f1a)<\/a><\/li>\n<li class=\"page_item page-item-242\"><a href=\"https:\/\/www.frauenhaus-neumuenster.de\/inhalt\/?page_id=242\">T\u00fcrk\u00e7e<\/a><\/li>\n<\/ul>\n","protected":false},"excerpt":{"rendered":"<p>Geb\u00e4rdensprache deutsch Shqip (Albanisch) \u0627\u0644\u0639\u0631\u0628\u064a\u0629 (Arabisch) \u0570\u0561\u0575\u0565\u0580\u0565\u0576 (Armenisch) \u0431\u044a\u043b\u0433\u0430\u0440\u0441\u043a\u0438 (Bulgarisch) \u0642\u0648\u0627\u0646\u06cc\u0646 \u062e\u0627\u0646\u0647 )\u0628\u0647 \u0632\u0628\u0627\u0646 \u062f\u0631\u06cc DARI) English \u0642\u0648\u0627\u0646\u06cc\u0646 \u062e\u0627\u0646\u0647 )\u0628\u0647 \u0632\u0628\u0627\u0646 \u062f\u0631\u06cc FARSI) Fran\u00e7ais Italiano Kurmanci Polski \u0440\u0443\u0441\u0441\u043a\u0438\u0439 (Russisch) \u06a9\u0648\u0631\u062f\u06cc (Sorani) Espa\u00f1ol \u1275\u130d\u122d\u129b (Tigrinya \u2013 t\u01ddgr\u01dd\u00f1\u00f1a) T\u00fcrk\u00e7e<\/p>\n","protected":false},"author":2,"featured_media":0,"parent":0,"menu_order":60,"comment_status":"closed","ping_status":"closed","template":"","meta":{"footnotes":""},"class_list":["post-156","page","type-page","status-publish","hentry"],"_links":{"self":[{"href":"https:\/\/www.frauenhaus-neumuenster.de\/inhalt\/index.php?rest_route=\/wp\/v2\/pages\/156","targetHints":{"allow":["GET"]}}],"collection":[{"href":"https:\/\/www.frauenhaus-neumuenster.de\/inhalt\/index.php?rest_route=\/wp\/v2\/pages"}],"about":[{"href":"https:\/\/www.frauenhaus-neumuenster.de\/inhalt\/index.php?rest_route=\/wp\/v2\/types\/page"}],"author":[{"embeddable":true,"href":"https:\/\/www.frauenhaus-neumuenster.de\/inhalt\/index.php?rest_route=\/wp\/v2\/users\/2"}],"replies":[{"embeddable":true,"href":"https:\/\/www.frauenhaus-neumuenster.de\/inhalt\/index.php?rest_route=%2Fwp%2Fv2%2Fcomments&post=156"}],"version-history":[{"count":27,"href":"https:\/\/www.frauenhaus-neumuenster.de\/inhalt\/index.php?rest_route=\/wp\/v2\/pages\/156\/revisions"}],"predecessor-version":[{"id":1316,"href":"https:\/\/www.frauenhaus-neumuenster.de\/inhalt\/index.php?rest_route=\/wp\/v2\/pages\/156\/revisions\/1316"}],"wp:attachment":[{"href":"https:\/\/www.frauenhaus-neumuenster.de\/inhalt\/index.php?rest_route=%2Fwp%2Fv2%2Fmedia&parent=156"}],"curies":[{"name":"wp","href":"https:\/\/api.w.org\/{rel}","templated":true}]}}