{"id":172,"date":"2012-02-06T19:02:57","date_gmt":"2012-02-06T19:02:57","guid":{"rendered":"http:\/\/www.frauenhaus-neumuenster.de\/inhalt\/?page_id=172"},"modified":"2022-10-23T16:12:18","modified_gmt":"2022-10-23T16:12:18","slug":"kurmanci","status":"publish","type":"page","link":"https:\/\/www.frauenhaus-neumuenster.de\/inhalt\/?page_id=172","title":{"rendered":"Kurmanci"},"content":{"rendered":"\n<p>Di mala jinan ya xweser\/Otunom jin \u00fb zarok\u00ean wan t\u00ean parastin, s\u00eereta diden wan \u00fb pistg\u00eeriya<br>wan diken, eger ew rast\u00ee tund \u00fb t\u00fbj\u00ee ya les\u00ee, derun\u00ee \u00fb\/an s\u00eaks\u00ee hatibin an j\u00ee bi v\u00ea y\u00eak\u00ea herese li<br>wan t\u00eakirin.<br>Tund \u00fb t\u00fbj\u00ee gelek r\u00fby\u00ea w\u00ea hene:<br>L\u00eadan, tehd\u00eed, bi serda q\u00eerandin, girtin\/hepskirin, ac\u00eez kirina seks\u00ee \u00fb tecawiz, aciz kirna bi<br>telefon\u00ea, zewaca bi dar\u00ea zor\u00ea, pa\u015fguh xistin, \u00e7avd\u00ear\u00eekirin \u00fb kontrolkirin, seqetkirina aleten<br>cins\u00ee (Senet kirna jinan, Female Genital Mutilation-FGM) \u00fb gelek ti\u015ft\u00ean din.<br>Her jinek \u00fb zarok\u00ean w\u00ea y\u00ean ku rast\u00ee \u015f\u00eedet\u00ea t\u00ean yan j\u00ee ji aliy\u00ea hevj\u00een\u00ea xwe, (ber\u00ea) hevj\u00een\u00ea xwe,<br>malbat\u00ea, c\u00eeran\u00ea xwe yan j\u00ee kes\u00ean din ve t\u00ean tehd\u00eedkirin, dikarin li mala jinan parastin\u00ea bi<br>destbixen.<br>Her jinek dikare b\u00eate mala jinan, negir\u00eadaye bi<\/p>\n\n\n\n<ul class=\"wp-block-list\"><li>Tendurist\u00ee<\/li><li>Dest\u00fbra r\u00fbni\u015ftin\u00ea\/\u00eeqam\u00ea<\/li><li>rew\u015fa abor\u00ee<\/li><\/ul>\n\n\n\n<p>Jin bi xwe jiyana xwe ya rojane bir\u00eaxistin dikin \u00fb heta ku ji wan re p\u00eaw\u00eest be di mala jinan de<br>dim\u00eenin.<br>Karmend bi parastina b\u00eadeng\u00eey\u00ea gir\u00eaday\u00ee ne.<br><strong>\u015e\u00eawirmend\u00ee \u00fb jiyana li mala jinan nenaskirye\/sirye \u00fb b\u00eapere ye.<\/strong><\/p>\n\n\n\n<h2 class=\"has-text-align-center wp-block-heading\">l\u00eesteya ac\u00eel<\/h2>\n\n\n\n<p>L\u00eesteya rewisa tengav\u00eeya<br>H\u00fbn dikarin bi \u015fev \u00fb roj bi jimare <strong>telefona 04321-46733<\/strong> bi mala jinan a Neum\u00fcnster<br>t\u00eakel\u00eeyan\/peywend\u00eeyan dan\u00ean. Li wir w\u00ea ji wera b\u00eajin, ka h\u00easta\/h\u00een c\u00eehek betal heye. Eger<br>wusa be, h\u00fbn \u00ea hem\u00ee agahdariya, b\u00eatir ji karmendan\/hevkaran bist\u00eenin.<br>Eger \u00eemkan heye, ji kerema xwe van ti\u015ft\u00ean j\u00ear \/ belgey\u00ean j\u00ear bi xwe re b\u00eenin:<\/p>\n\n\n\n<ul class=\"wp-block-list\"><li>Cil, Cil \u00fb berg<\/li><li>Berhem\u00ean\/tist\u00ean paqijiy\u00ea<\/li><li>Nasname\/Nasnameya zarok\u00ee\/paseport<\/li><li>Belgeya ji dayikb\u00fbn\u00ea<\/li><li>Belgeya zewac\u00ea\/gir\u00eabesta marebir\u00een\u00ea<\/li><li>Belgey\u00ean\/pisuley\u00ean Hisaba banq\u00ea<\/li><li>Karta Hisaba banq\u00ea<\/li><li>Hejmara diyar\u00ee kir\u00ee ya Bac\u00ea<\/li><li>Per\u00ea neqd (eger hebe)<\/li><li>Karta b\u00eemeya\/tam\u00eena tenduristiy\u00ea<\/li><li>Derman\u00ean gir\u00eeng<\/li><li>Gir\u00eabesta xan\u00ee\/Peymana kir\u00ea<\/li><li>Kil\u00eela\/Mifteya xan\u00ee<\/li><li>Hejmara per\u00ea al\u00eekariya zarokan<\/li><li>Deftera fehsa ya zer<\/li><li>Deftera Dayikb\u00fbn\u00ea<\/li><li>Karta derz\u00eel\u00eadan\u00ea\/vaks\u00een\u00ea<\/li><li>Malzemey\u00ean\/tist\u00ean dibistan\u00ea, birwaname\/sihade<\/li><li>Fermana\/biryara \u00e7avl\u00eakirin\u00ea \/ Pejirandina Bavb\u00fbn\u00ea<\/li><li>P\u00eal\u00eestok\u00ean bijare<\/li><\/ul>\n\n\n\n<p><\/p>\n\n\n\n<p>Ji ber ku dibe, ku pistra ji we re zehmet be, ew belgey\u00ean nuqsan bi desbixey, ji kerema xwe<\/p>\n\n\n\n<p>heya tu kar\u00ee b\u00ee tistan bi xwe ra b\u00eene.<\/p>\n\n\n\n<p><strong>Di rew\u015fek ac\u00eel de, her gav xwe \u00fb zarok\u00ean xwe p\u00ea\u015f\u00ee her tist\u00ee bigeh\u00eene cihek ewleh!<\/strong><\/p>\n\n\n\n<p><br><\/p>\n","protected":false},"excerpt":{"rendered":"<p>Di mala jinan ya xweser\/Otunom jin \u00fb zarok\u00ean wan t\u00ean parastin, s\u00eereta diden wan \u00fb pistg\u00eeriyawan diken, eger ew rast\u00ee tund \u00fb t\u00fbj\u00ee ya les\u00ee, derun\u00ee \u00fb\/an s\u00eaks\u00ee hatibin an j\u00ee bi v\u00ea y\u00eak\u00ea herese liwan t\u00eakirin.Tund \u00fb t\u00fbj\u00ee gelek r\u00fby\u00ea w\u00ea hene:L\u00eadan, tehd\u00eed, bi serda q\u00eerandin, girtin\/hepskirin, ac\u00eez kirina seks\u00ee \u00fb tecawiz, aciz kirna [&hellip;]<\/p>\n","protected":false},"author":2,"featured_media":0,"parent":156,"menu_order":145,"comment_status":"closed","ping_status":"closed","template":"","meta":{"footnotes":""},"class_list":["post-172","page","type-page","status-publish","hentry"],"_links":{"self":[{"href":"https:\/\/www.frauenhaus-neumuenster.de\/inhalt\/index.php?rest_route=\/wp\/v2\/pages\/172","targetHints":{"allow":["GET"]}}],"collection":[{"href":"https:\/\/www.frauenhaus-neumuenster.de\/inhalt\/index.php?rest_route=\/wp\/v2\/pages"}],"about":[{"href":"https:\/\/www.frauenhaus-neumuenster.de\/inhalt\/index.php?rest_route=\/wp\/v2\/types\/page"}],"author":[{"embeddable":true,"href":"https:\/\/www.frauenhaus-neumuenster.de\/inhalt\/index.php?rest_route=\/wp\/v2\/users\/2"}],"replies":[{"embeddable":true,"href":"https:\/\/www.frauenhaus-neumuenster.de\/inhalt\/index.php?rest_route=%2Fwp%2Fv2%2Fcomments&post=172"}],"version-history":[{"count":6,"href":"https:\/\/www.frauenhaus-neumuenster.de\/inhalt\/index.php?rest_route=\/wp\/v2\/pages\/172\/revisions"}],"predecessor-version":[{"id":1192,"href":"https:\/\/www.frauenhaus-neumuenster.de\/inhalt\/index.php?rest_route=\/wp\/v2\/pages\/172\/revisions\/1192"}],"up":[{"embeddable":true,"href":"https:\/\/www.frauenhaus-neumuenster.de\/inhalt\/index.php?rest_route=\/wp\/v2\/pages\/156"}],"wp:attachment":[{"href":"https:\/\/www.frauenhaus-neumuenster.de\/inhalt\/index.php?rest_route=%2Fwp%2Fv2%2Fmedia&parent=172"}],"curies":[{"name":"wp","href":"https:\/\/api.w.org\/{rel}","templated":true}]}}