{"id":49,"date":"2011-04-22T17:36:15","date_gmt":"2011-04-22T15:36:15","guid":{"rendered":"http:\/\/www.frauenhaus-neumuenster.de\/wp\/?page_id=49"},"modified":"2022-09-10T09:29:03","modified_gmt":"2022-09-10T09:29:03","slug":"wander-ausstellung","status":"publish","type":"page","link":"https:\/\/www.frauenhaus-neumuenster.de\/inhalt\/?page_id=49","title":{"rendered":"Wander-Ausstellung"},"content":{"rendered":"<p><a title=\"Notfallliste\" href=\"https:\/\/www.frauenhaus-neumuenster.de\/inhalt\/?page_id=1141\" rel=\"noopener\"><img loading=\"lazy\" decoding=\"async\" class=\"size-full wp-image-534 alignright\" src=\"http:\/\/www.frauenhaus-neumuenster.de\/inhalt\/wp-content\/uploads\/notfall-liste-button.png\" alt=\"Notfall-Liste\" width=\"150\" height=\"60\" \/><\/a><\/p>\n<p>Auf Initiative des Autonomen Frauenhauses Neum\u00fcnster und in Kooperation mit dem Beauftragen f\u00fcr Fl\u00fcchtlings-, Asyl- und Zuwanderungsfragen des Landes Schleswig-Holstein hat die Fl\u00fcchtlingsberatung des Diakonischen Werkes Altholstein eine Gruppe mit interessierten Fl\u00fcchtlingsfrauen gebildet, um deren speziellen Blick auf das aufnehmende Land zu zeigen. Mit Einwegkameras haben diese Frauen aus unterschiedlichen Herkunftsl\u00e4ndern ihre Gef\u00fchle, Eindr\u00fccke, \u00c4ngste und Sehns\u00fcchte durch Fotografien ausgedr\u00fcckt und Texte dazu geschrieben.<a href=\"http:\/\/www.frauenhaus-neumuenster.de\/inhalt\/wp-content\/uploads\/bild_ausstellung_3.jpg\"><img loading=\"lazy\" decoding=\"async\" class=\"alignright  wp-image-361\" title=\"bild_ausstellung_3\" src=\"http:\/\/www.frauenhaus-neumuenster.de\/inhalt\/wp-content\/uploads\/bild_ausstellung_3-300x225.jpg\" alt=\"\" width=\"300\" height=\"225\" srcset=\"https:\/\/www.frauenhaus-neumuenster.de\/inhalt\/wp-content\/uploads\/bild_ausstellung_3-300x225.jpg 300w, https:\/\/www.frauenhaus-neumuenster.de\/inhalt\/wp-content\/uploads\/bild_ausstellung_3.jpg 512w\" sizes=\"auto, (max-width: 300px) 100vw, 300px\" \/><\/a><\/p>\n<p>An dem Projekt haben sich Frauen aus der T\u00fcrkei, Afghanistan, Aserbaidschan, Irak und Iran beteiligt.<\/p>\n<p>Mit dieser Ausstellung soll ein Blick von Fl\u00fcchtlingsfrauen auf die Aufnahmegesellschaft und die Umst\u00e4nde der Aufnahme gezeigt werden und nicht ein Blick der Aufnahmegesellschaft auf die Fl\u00fcchtlingsfrauen.<\/p>\n<p>Frauen auf der Flucht, entweder alleine, mit Kind oder Familie, kommen nach Deutschland, um hier Schutz zu suchen. In der ersten Zeit ihres Aufenthaltes sind sie zusammen mit anderen Asylsuchenden in Gemeinschaftsunterk\u00fcnften untergebracht. Aufgrund der Rechtslage ist der Aktionsradius der Frauen stark eingeschr\u00e4nkt, sie d\u00fcrfen, w\u00e4hrend sie sich in der Aufnahmeeinrichtung leben m\u00fcssen, den zugewiesenen Aufenthaltsbereich nicht ohne Erlaubnis verlassen. Sie erhalten die sehr eingeschr\u00e4nkten staatlichen Transferleistungen nach dem Asylbewerberleistungsgesetz und d\u00fcrfen an Integrationsangeboten nicht teilnehmen, lediglich Beratungsangebote annehmen.<\/p>\n<p><strong>Diese Ausstellung ist eine Wanderausstellung und kann kostenlos beim Beauftragten f\u00fcr Fl\u00fcchtlings-, Asyl- und Zuwanderungsfragen ausgeliehen werden. <\/strong><br \/>\nBei Fragen und Interesse melden Sie sich bitte unter:<br \/>\nTelefon : (0431) 988-1291<br \/>\nTelefax : (0431) 988-1293<br \/>\nEmail: fb@landtag.ltsh.de<\/p>\n<p style=\"text-align: center;\"><a href=\"http:\/\/www.frauenhaus-neumuenster.de\/inhalt\/wp-content\/uploads\/bild_ausstellung_11.jpg\"><img loading=\"lazy\" decoding=\"async\" class=\"aligncenter size-full wp-image-380\" title=\"bild_ausstellung_1\" src=\"http:\/\/www.frauenhaus-neumuenster.de\/inhalt\/wp-content\/uploads\/bild_ausstellung_11.jpg\" alt=\"\" width=\"668\" height=\"965\" srcset=\"https:\/\/www.frauenhaus-neumuenster.de\/inhalt\/wp-content\/uploads\/bild_ausstellung_11.jpg 668w, https:\/\/www.frauenhaus-neumuenster.de\/inhalt\/wp-content\/uploads\/bild_ausstellung_11-207x300.jpg 207w\" sizes=\"auto, (max-width: 668px) 100vw, 668px\" \/><\/a><a href=\"http:\/\/www.frauenhaus-neumuenster.de\/inhalt\/wp-content\/uploads\/bild_ausstellung_21.jpg\"><img loading=\"lazy\" decoding=\"async\" class=\"aligncenter size-full wp-image-381\" title=\"bild_ausstellung_2\" src=\"http:\/\/www.frauenhaus-neumuenster.de\/inhalt\/wp-content\/uploads\/bild_ausstellung_21.jpg\" alt=\"\" width=\"668\" height=\"965\" srcset=\"https:\/\/www.frauenhaus-neumuenster.de\/inhalt\/wp-content\/uploads\/bild_ausstellung_21.jpg 668w, https:\/\/www.frauenhaus-neumuenster.de\/inhalt\/wp-content\/uploads\/bild_ausstellung_21-207x300.jpg 207w\" sizes=\"auto, (max-width: 668px) 100vw, 668px\" \/><\/a><\/p>\n<p style=\"text-align: center;\">\n","protected":false},"excerpt":{"rendered":"<p>Auf Initiative des Autonomen Frauenhauses Neum\u00fcnster und in Kooperation mit dem Beauftragen f\u00fcr Fl\u00fcchtlings-, Asyl- und Zuwanderungsfragen des Landes Schleswig-Holstein hat die Fl\u00fcchtlingsberatung des Diakonischen Werkes Altholstein eine Gruppe mit interessierten Fl\u00fcchtlingsfrauen gebildet, um deren speziellen Blick auf das aufnehmende Land zu zeigen. Mit Einwegkameras haben diese Frauen aus unterschiedlichen Herkunftsl\u00e4ndern ihre Gef\u00fchle, Eindr\u00fccke, \u00c4ngste [&hellip;]<\/p>\n","protected":false},"author":2,"featured_media":0,"parent":0,"menu_order":70,"comment_status":"closed","ping_status":"closed","template":"","meta":{"footnotes":""},"class_list":["post-49","page","type-page","status-publish","hentry"],"_links":{"self":[{"href":"https:\/\/www.frauenhaus-neumuenster.de\/inhalt\/index.php?rest_route=\/wp\/v2\/pages\/49","targetHints":{"allow":["GET"]}}],"collection":[{"href":"https:\/\/www.frauenhaus-neumuenster.de\/inhalt\/index.php?rest_route=\/wp\/v2\/pages"}],"about":[{"href":"https:\/\/www.frauenhaus-neumuenster.de\/inhalt\/index.php?rest_route=\/wp\/v2\/types\/page"}],"author":[{"embeddable":true,"href":"https:\/\/www.frauenhaus-neumuenster.de\/inhalt\/index.php?rest_route=\/wp\/v2\/users\/2"}],"replies":[{"embeddable":true,"href":"https:\/\/www.frauenhaus-neumuenster.de\/inhalt\/index.php?rest_route=%2Fwp%2Fv2%2Fcomments&post=49"}],"version-history":[{"count":16,"href":"https:\/\/www.frauenhaus-neumuenster.de\/inhalt\/index.php?rest_route=\/wp\/v2\/pages\/49\/revisions"}],"predecessor-version":[{"id":1152,"href":"https:\/\/www.frauenhaus-neumuenster.de\/inhalt\/index.php?rest_route=\/wp\/v2\/pages\/49\/revisions\/1152"}],"wp:attachment":[{"href":"https:\/\/www.frauenhaus-neumuenster.de\/inhalt\/index.php?rest_route=%2Fwp%2Fv2%2Fmedia&parent=49"}],"curies":[{"name":"wp","href":"https:\/\/api.w.org\/{rel}","templated":true}]}}